 33 = -3*p. Calculate s(p).
3
Suppose -84*f - 22 = -89*f - 2*k, -4*f + 40 = -4*k. Let a(g) = 7*g - 1. Calculate a(f).
41
Let y = 4 - -14. Suppose 9*t - y = 6*t. Let g(u) be the third derivative of u**4/8 - u**3 - u**2. What is g(t)?
12
Suppose 285 = -91*u + 12. Let q(a) = a**2 + 2*a - 4. Determine q(u).
-1
Let v(p) be the third derivative of p**4/8 - p**3/6 + 7*p**2 - 4*p. Give v(2).
5
Suppose -2*l = -2 - 0. Let y(b) = -137752 - 6*b + 137752. Calculate y(l).
-6
Suppose -3*g = 2*b + 22 + 2, 2*b = 4*g + 18. Let j(u) = -u**3 - 8*u**2 - 7*u + 8. Determine j(g).
-22
Let p(l) = -5*l - 3. Let f(q) = 6*q + 4. Let x(h) = 6*f(h) + 7*p(h). Let i(y) = -11*y - 11. Let a be i(6). Let z = 77 + a. What is x(z)?
3
Let y(m) = 9 - 2*m - 4 + 4 + 3*m + 1. What is y(-9)?
1
Let u(y) be the third derivative of 0*y**5 + 1/24*y**4 - 1/120*y**6 - 1/3*y**3 + 0*y + 8*y**2 + 0. Give u(-2).
4
Let i(w) = 4 - 3 - 1 - w. Suppose 0 = -0*k + 3*k - 15. Suppose -4*t + 5*g = 1, 2*t - 4 - 3 = k*g. Give i(t).
4
Let l(n) = -n**2 - 3*n - 5. Let q(a) = a**2 + 2*a + 4. Let m(z) = 3*l(z) + 2*q(z). Determine m(-5).
-7
Let o(s) = -s - 3. Suppose -38*g = -40*g + 30. Let z = g + -18. Determine o(z).
0
Let i(j) be the second derivative of j**5/20 - j**4/6 + j**3/3 + 11*j. Let x be i(2). Let p(l) = 2*l - x*l + l. Determine p(-2).
2
Let s(p) = 4*p**2 + 3*p + 3*p**3 - p + p**3. Let j be (-50)/(-125) + -2 + (-4)/10. What is s(j)?
-20
Let s(x) = -x**3 + 5*x**2 - 2*x - 3. Let q be (-5 + 4)/((0 + 2)/(-8)). Let n be s(q). Let b(m) = -m**2 + 3*m. What is b(n)?
-10
Let j(h) = h**3 + h**2 + 2*h + 5. Let l be 7 - 2 - 3 - 8/4. Let v be j(l). Let o(s) = -s**3 + 4*s**2 + 7*s - 2. What is o(v)?
8
Let d(c) = c**2 - 7*c + 4. Suppose 5*x + 17 = 5*b - 18, -2*x + 16 = 4*b. Let h be x/(((-15)/6)/(-5)). Let q(r) = -3*r - 7. Let l be q(h). What is d(l)?
-6
Let s(m) = -m**3 + 6*m**2 - 5*m. Suppose 0 = -5*f - 41 + 16, 5*l - 3*f - 50 = 0. Suppose 0 = l*r - r - 30. Determine s(r).
0
Suppose 2 + 1 = -y. Let p(k) = -7*k**3 - 8*k**2 + 14. Let g(t) = -11*t**3 - 12*t**2 + 22. Let x(q) = 5*g(q) - 8*p(q). Give x(y).
7
Let n(p) = -p**3 - p**2 + 4*p + 5. Let i = 948 + -950. Calculate n(i).
1
Suppose 0 = -4*q - 0*q + 8. Let y(f) be the third derivative of 0*f + 24*f**2 + 1/2*f**3 - 1/6*f**4 + 0 + 1/30*f**5. Calculate y(q).
3
Let w(t) = -8 + 8 + t + 9 + 8 + 0*t. What is w(-5)?
12
Let f be 22/4 - (-3)/(-6). Let q(b) = -11*b**3 + 2*b - 179*b**2 + 183*b**2 + 12*b**3 - 2*b**3 - 3. Give q(f).
-18
Suppose 5*f - 3*s - 44 = f, -3*s - 36 = -3*f. Let w(r) = -5*r + f + 3*r - 13. Calculate w(-4).
3
Let g = 378 - 385. Let n(l) = -l**2 - 8*l + 7. Determine n(g).
14
Let p(f) = -f**3 + 5*f**2 + 3*f + 2. Let c(w) be the first derivative of -w**4/4 - w**3/3 - w**2/2 - w - 8. Let z(r) = 3*c(r) + p(r). What is z(-1)?
5
Let g(q) = q**2 - 2*q + 3. Suppose 0*z = -4*y - 3*z + 11, 3 = 3*y + 4*z. Suppose y*i - 4 = 6. Let a = i + 2. Determine g(a).
11
Let x(q) = -q - 4. Let l be x(-6). Let i(f) = 3 + l*f**2 + 0*f**2 + 0*f**2 - 3*f + 0*f. Let y = 8 + -6. Give i(y).
5
Let s(z) = -z**2 + 5*z - 6. Let x(d) = 2*d + 4. Let l be x(-2). Let u(h) = -h**3 + 11*h - 9*h - 8 + 6*h**2 + l. Let j be u(6). Calculate s(j).
-2
Let w(l) = -7*l + 6. Let b(k) = 6*k - 87. Let m be b(15). Determine w(m).
-15
Suppose -s = 5*z + 59, 5*s + 0*s + 53 = -3*z. Let b = z - -9. Let v(k) be the third derivative of k**6/120 + k**5/30 + k**4/12 + k**3/3 + 4*k**2. What is v(b)?
-2
Let l(v) be the third derivative of -v**6/120 + v**5/6 + 13*v**4/24 - 3*v**3 + 10*v**2 + 3*v. Give l(11).
4
Let j(o) = 6*o**2 + 57*o - 12. Let b(s) = 4*s**2 + 38*s - 8. Let z(y) = 7*b(y) - 5*j(y). Calculate z(-10).
-6
Let m(o) = -2*o + 1. Let w(j) = 2*j + 1. Let d(i) = 4*m(i) + 2*w(i). What is d(5)?
-14
Let g(r) = r**2 + 2*r - 4. Suppose 0 = -4*b - t + 24, 5*t = 2*b + 2*b - 24. Let w = -22 - -31. Suppose -m - w = -b. What is g(m)?
-1
Let h be (-6)/75 - 46/50. Let i(z) = -25*z**3 - z**2 + z + 1. Calculate i(h).
24
Let f(n) = -3*n**2 - 3*n - 11. Let y(p) = -11*p**2 - 13*p - 49. Let b(t) = 9*f(t) - 2*y(t). Determine b(-3).
-43
Let r(u) = -7*u + 20. Let p(s) = 1. Let i(m) = 3*p(m) - r(m). Suppose -3*h = -16*h - 26. Let q(z) = -3*z + 9. Let f(b) = h*i(b) - 5*q(b). Determine f(7).
-4
Suppose 0 = 10*g - 58 + 198. Let v(d) = -d**2 - 12*d + 19. Give v(g).
-9
Suppose m = 4*n - 0*n + 24, 5*n - 106 = -3*m. Let h(l) = -18*l - 15*l + m*l - 10. Calculate h(-5).
-5
Let l = -1234 + 1228. Let p(b) = 3 - b + 3 + 3*b. What is p(l)?
-6
Let m = 665 + -656. Let d(l) = -l**3 + 10*l**2 - 9*l - 7. Calculate d(m).
-7
Let f(q) = 4*q - 1. Suppose -p = -2*t + 13, -t - 5 = 2*p + 1. Suppose -5*n - t*y - 14 = -2*y, -3*n + 5*y = -4. What is f(n)?
-9
Let o(t) be the second derivative of 2*t**3/3 + 12*t**2 - t - 2. Calculate o(-7).
-4
Suppose 2*s = 5*p + 83, -2*p - s - 35 = -0*s. Let f be (-9)/(-15) + p/(-5). Suppose 3*u - w = -4*w + 6, 0 = -5*u - f*w + 10. Let j(k) = 5*k - 3. What is j(u)?
7
Let l(s) = -3*s - 16. Suppose -4*f + 51 = -5*y, 0 = -2*y + f - 29 + 11. Calculate l(y).
5
Let g(h) = -66 - 2*h + 34 - h**2 - 4*h**3 + 38. Let n(b) = -3*b**3 - 2*b**2 - 2*b + 5. Let u(a) = -2*g(a) + 3*n(a). Give u(-3).
0
Let w be 32/14 - 86/301. Let i(j) = j**3 - 4*j**2 - j - 1. Determine i(w).
-11
Let a(g) = 7*g - 12. Let j be -3*((-10)/(-3) - 3). Let h(b) = b - 1. Let s(p) = j*a(p) + 5*h(p). Calculate s(5).
-3
Let w(o) = -2*o - 7 - 2*o + o + 4*o. Let i = 36 - 24. Suppose i*n = 10*n + 8. Determine w(n).
-3
Suppose 29*k + 110 + 383 = 0. Let y(m) = m**3 + 18*m**2 + 18*m + 11. Determine y(k).
-6
Let z = 84 + -46. Suppose -5*q + z - 58 = 0. Let w(l) = l**3 + 3*l**2 - 4*l - 4. Give w(q).
-4
Let h(s) = s**2 + 3. Let w be (20/(-6))/((-22)/33). Suppose -w = 2*q + 23. Let t(g) = -g**2 - 14*g. Let r be t(q). Give h(r).
3
Let t(h) = 2*h**3 + 3*h**2 - 2*h + 2. Suppose -6*d = -2*d - 24. Suppose -3*x = l - 6*x - d, -2*l - 2*x = 12. Determine t(l).
-19
Suppose a = -a. Let c(k) = -4*k**3 + 105*k**2 - 3*k + 7. Let p(f) = -3*f**3 + 75*f**2 - 2*f + 5. Let s(o) = 5*c(o) - 7*p(o). What is s(a)?
0
Let q(i) = -i**2 + 15*i - 12. Let z be q(14). Suppose 2*w + 0*w - z = 0. Suppose -2*f - w = 5. Let k(t) = t**3 + 4*t**2 + 2*t - 4. What is k(f)?
-1
Suppose 2*u - 2 - 9 = -3*s, -u + 23 = 4*s. Let o(y) = -y**2 + 8*y - 4. Let z be o(s). Let i(f) = -5 - f**2 + 0 - z*f - 2*f. Calculate i(-4).
-1
Let q(h) = -2*h - 32. Let b(k) = 17*k**3 - k**2 - 5*k - 4. Let u be b(-1). What is q(u)?
2
Suppose -2*o - 2*z + 3 = -3, -3*z = -15. Let b be o/4*(-2 - 4). Let g(u) = -u**2 + 5*u + 3. Calculate g(b).
9
Let a be (1*(3 + 0))/(39/182). Let q(k) = k**2 - 16*k + 30. Give q(a).
2
Suppose -4*r = 4*m - 68, 4*m + 8*r = 3*r + 70. Let o = 10 - m. Let d(i) = i - 5. Calculate d(o).
-10
Let n(c) be the first derivative of -6*c**3 - c**2/2 + 100. Determine n(1).
-19
Let t(x) = -8*x**3 + x**2 + x + 1. Let f(i) = -i**3 - 16*i**2 + i + 19. Let p be f(-16). Suppose -p*u - 4 = u. Determine t(u).
9
Let s(w) = -w - 2. Let p(h) = -2*h**3 + 9*h**2 - 7*h + 8. Let n be p(4). Calculate s(n).
2
Let c = -2 + 1. Let p(q) = -2*q + 1. Let n be p(c). Let i(m) = -m**2 + 6*m - 3. Determine i(n).
6
Let h(w) = w**2 + w - 84. Let y be h(-10). Let v(x) = x**3 - 5*x**2 - 7*x + 9. Determine v(y).
3
Let h(x) = -x**2 - 12*x - 18. Let g be h(-10). Suppose g*o + 12 - 4 = -4*q, 4*o - 14 = 2*q. Let s(y) = 2*y + 1. What is s(o)?
5
Let k(s) be the third derivative of -2/3*s**3 + 0*s + 1/8*s**4 - 3*s**2 + 0 + 1/60*s**5. Suppose 3 = 3*t - 3*a, -2*t - a - 25 = 3*t. Give k(t).
0
Let h(q) = q**2 + 3*q + 3. Let s be h(3). Let g(y) = 42*y - 2 - s*y + y**3 - 21*y. What is g(2)?
6
Let i(y) be the third derivative of y**5/60 + 3*y**4/8 + 4*y**3/3 - 2*y**2. Let l(h) = 2*h**3 + 10*h**2 + 4*h + 13. Let a be l(-5). Calculate i(a).
-6
Let s(p) = -5*p**2 + 1. Let w(y) = y**3 + 10*y**2 + 4. Let b be w(-10). Suppose 0 = 4*t - 2*j + 6*j, b = -j. Let d be (-1)/((-1)/(-4)*t). Calculate s(d).
-4
Let t(r) = -8*r - 4. Let l(s) = 10*s + 4. Let d(y) = -2*l(y) - 3*t(y). Suppose -2*b = 3*b + 15. Calculate d(b).
-8
Let b(k) be the first derivative of k**4/2 - k**3 + k**2/2 - 4*k + 417. Determine b(0).
-4
Let m(u) = 11*u**3 + u**2 + 14*u - 14. Let d(p) = 4*p**3 + 5*p - 5. Let k(z) = -8*d(z) + 3*m(z). Let t be -4 + (2 - (-4)/(-4)). Calculate k(t).
-8
Let h(j) = -6*j + 4. Let p(y) 